{"id":346,"date":"2024-08-01T17:18:05","date_gmt":"2024-08-01T17:18:05","guid":{"rendered":"https:\/\/lojasistemas.com\/?page_id=346"},"modified":"2024-08-01T17:18:05","modified_gmt":"2024-08-01T17:18:05","slug":"servicos","status":"publish","type":"page","link":"https:\/\/lojasistemas.com\/index.php\/servicos\/","title":{"rendered":"SERVI\u00c7OS"},"content":{"rendered":"\n<p>Dispomos de uma equipa t\u00e9cnica especializada no diagn\u00f3stico de avarias e na repara\u00e7\u00e3o de equipamentos inform\u00e1ticos.<br>REPARA\u00c7\u00c3O PORTATEIS TABLETS SMARTPHONES E PCS DE SECRETARIA<br>UPGRADE DE HARDWARE E SOFTWARE<br>DIAGN\u00d3STICO DE AVARIAS<br>ASSISTENCIA TECNICA ELECTRONICA<br>ASSISTENCIA TECNICA SOFTWARE REMOTA E NOSSAS INSTALA\u00c7\u00d5ES<br>ASSISTENCIA TECNICA HARDWARE<br>RECUPERA\u00c7\u00c3O DE DADOS HDD SSD CART\u00c3O DE MEMORIA PEN E SMARTPHONES<br>PARCERIA DATARECOVERY LABS<\/p>\n","protected":false},"excerpt":{"rendered":"<p>Dispomos de uma equipa t\u00e9cnica especializada no diagn\u00f3stico de avarias e na repara\u00e7\u00e3o de equipamentos inform\u00e1ticos.REPARA\u00c7\u00c3O PORTATEIS TABLETS SMARTPHONES E PCS DE SECRETARIAUPGRADE DE HARDWARE E SOFTWAREDIAGN\u00d3STICO DE AVARIASASSISTENCIA TECNICA ELECTRONICAASSISTENCIA TECNICA SOFTWARE REMOTA E NOSSAS INSTALA\u00c7\u00d5ESASSISTENCIA TECNICA HARDWARERECUPERA\u00c7\u00c3O DE DADOS HDD SSD CART\u00c3O DE MEMORIA PEN E SMARTPHONESPARCERIA DATARECOVERY LABS<\/p>\n","protected":false},"author":1,"featured_media":0,"parent":0,"menu_order":0,"comment_status":"closed","ping_status":"closed","template":"","meta":{"footnotes":""},"class_list":["post-346","page","type-page","status-publish","hentry"],"_links":{"self":[{"href":"https:\/\/lojasistemas.com\/index.php\/wp-json\/wp\/v2\/pages\/346","targetHints":{"allow":["GET"]}}],"collection":[{"href":"https:\/\/lojasistemas.com\/index.php\/wp-json\/wp\/v2\/pages"}],"about":[{"href":"https:\/\/lojasistemas.com\/index.php\/wp-json\/wp\/v2\/types\/page"}],"author":[{"embeddable":true,"href":"https:\/\/lojasistemas.com\/index.php\/wp-json\/wp\/v2\/users\/1"}],"replies":[{"embeddable":true,"href":"https:\/\/lojasistemas.com\/index.php\/wp-json\/wp\/v2\/comments?post=346"}],"version-history":[{"count":1,"href":"https:\/\/lojasistemas.com\/index.php\/wp-json\/wp\/v2\/pages\/346\/revisions"}],"predecessor-version":[{"id":347,"href":"https:\/\/lojasistemas.com\/index.php\/wp-json\/wp\/v2\/pages\/346\/revisions\/347"}],"wp:attachment":[{"href":"https:\/\/lojasistemas.com\/index.php\/wp-json\/wp\/v2\/media?parent=346"}],"curies":[{"name":"wp","href":"https:\/\/api.w.org\/{rel}","templated":true}]}}